{"id":89,"date":"2025-07-27T17:26:51","date_gmt":"2025-07-27T17:26:51","guid":{"rendered":"http:\/\/lokago.fr\/?page_id=89"},"modified":"2025-09-26T20:04:14","modified_gmt":"2025-09-26T20:04:14","slug":"karcher-k7","status":"publish","type":"page","link":"https:\/\/lokago.fr\/?page_id=89","title":{"rendered":"Karcher K7"},"content":{"rendered":"\n<div class=\"wp-block-columns alignwide is-layout-flex wp-container-core-columns-is-layout-47c06fe3 wp-block-columns-is-layout-flex\">\n<div class=\"wp-block-column is-layout-flow wp-block-column-is-layout-flow\">\n<figure class=\"wp-block-image size-full\"><img loading=\"lazy\" decoding=\"async\" width=\"1600\" height=\"1600\" src=\"http:\/\/lokago.fr\/wp-content\/uploads\/2025\/07\/d0.jpg\" alt=\"\" class=\"wp-image-72\" style=\"object-fit:cover\" srcset=\"https:\/\/lokago.fr\/wp-content\/uploads\/2025\/07\/d0.jpg 1600w, https:\/\/lokago.fr\/wp-content\/uploads\/2025\/07\/d0-300x300.jpg 300w, https:\/\/lokago.fr\/wp-content\/uploads\/2025\/07\/d0-1024x1024.jpg 1024w, https:\/\/lokago.fr\/wp-content\/uploads\/2025\/07\/d0-150x150.jpg 150w, https:\/\/lokago.fr\/wp-content\/uploads\/2025\/07\/d0-768x768.jpg 768w, https:\/\/lokago.fr\/wp-content\/uploads\/2025\/07\/d0-1536x1536.jpg 1536w\" sizes=\"auto, (max-width: 1600px) 100vw, 1600px\" \/><\/figure>\n\n\n\n<figure class=\"wp-block-table aligncenter\"><table class=\"has-fixed-layout\"><tbody><tr><td class=\"has-text-align-center\" data-align=\"center\">Type de courant (V\/Hz)<\/td><td>230 \/ 50<\/td><\/tr><tr><td class=\"has-text-align-center\" data-align=\"center\">Pression (bar\/MPa)<\/td><td>20 &#8211; max. 180 \/ 2 &#8211; max. 18<\/td><\/tr><tr><td class=\"has-text-align-center\" data-align=\"center\">D\u00e9bit (l\/h)<\/td><td>max. 600<\/td><\/tr><tr><td class=\"has-text-align-center\" data-align=\"center\">Rendement surfacique (m\u00b2\/h)<\/td><td>60<\/td><\/tr><tr><td class=\"has-text-align-center\" data-align=\"center\">Temp\u00e9rature d&rsquo;admission (\u00b0C)<\/td><td>max. 60<\/td><\/tr><tr><td class=\"has-text-align-center\" data-align=\"center\">C\u00e2ble d&rsquo;alimentation (m)<\/td><td>5<\/td><\/tr><tr><td class=\"has-text-align-center\" data-align=\"center\">Poids sans accessoires (kg)<\/td><td>17,5<\/td><\/tr><\/tbody><\/table><\/figure>\n<\/div>\n\n\n\n<div class=\"wp-block-column is-vertically-aligned-bottom is-layout-flow wp-block-column-is-layout-flow\">\n<div class=\"wp-block-group is-layout-flow wp-block-group-is-layout-flow\">\n<figure class=\"wp-block-table\"><table class=\"has-fixed-layout\"><thead><tr><td>NETTOYEUR HAUTE PRESSION 180 bars K 7 POWER Flex<\/td><\/tr><\/thead><tbody><tr><td>\u00c9quip\u00e9 d&rsquo;un moteur refroidi \u00e0 l&rsquo;eau, le K&nbsp;7 a \u00e9t\u00e9 con\u00e7u pour le nettoyage fr\u00e9quent des salissures tenaces sur les terrasses, dans les all\u00e9es ou les piscines, sur les v\u00e9los ou les grandes voitures. Equip\u00e9 d&rsquo;un pistolet avec raccord pratique&nbsp;Quick Connect, d&rsquo;une lance Vario Power (VPS), d&rsquo;une rotabuse avec jet crayon rotatif et d&rsquo;un flexible haute pression d&rsquo;une longueur de 10 m\u00e8tres.Le r\u00e9glage de la pression sur la VPS se fait litt\u00e9ralement en un tour de main et la rotabuse vient \u00e0 bout de toutes les salissures, aussi tenaces soient-elles.<\/td><\/tr><\/tbody><\/table><\/figure>\n\n\n\n<p>Poign\u00e9e t\u00e9lescopique en aluminium<\/p>\n\n\n\n<p>La poign\u00e9e en aluminium peut \u00eatre d\u00e9pli\u00e9e pour le transport et r\u00e9tract\u00e9e pour le stockage.Plug &lsquo;n&rsquo; Clean \u2013 le syst\u00e8me de d\u00e9tergent K\u00e4rcher<\/p>\n\n\n\n<p>Gr\u00e2ce au syst\u00e8me Plug &lsquo;n&rsquo; Clean, le d\u00e9tergent peut \u00eatre chang\u00e9 de fa\u00e7on rapide et pratique d&rsquo;un seul et simple geste.Quick Connect<\/p>\n\n\n\n<p>Facile \u00e0 manipuler, le flexible haute pression peut \u00eatre conn\u00e9ct\u00e9 et d\u00e9conn\u00e9ct\u00e9 rapidement de l&rsquo;appareil et de la poign\u00e9e-pistolet. Gain de temps tout en minimisant les efforts.\u00c9quipement<\/p>\n\n\n\n<ul class=\"wp-block-list\">\n<li>Poign\u00e9e-pistolet haute pression: G 180 Q<\/li>\n\n\n\n<li>Jet Vario Power<\/li>\n\n\n\n<li>Rotabuse<\/li>\n\n\n\n<li>Flexible haute pression 10 m<\/li>\n\n\n\n<li>Syst\u00e8me d\u00e9tergent Plug \u2019n\u2019 Clean<\/li>\n\n\n\n<li>Poign\u00e9e t\u00e9lescopique<\/li>\n\n\n\n<li>Moteur refroidi \u00e0 l&rsquo;eau<\/li>\n\n\n\n<li>Filtre \u00e0 eau int\u00e9gr\u00e9<\/li>\n\n\n\n<li>Adaptateur tuyau d&rsquo;arrosage A3\/4&Prime;\u00a0\u00bb<\/li>\n<\/ul>\n\n\n\n<p>Donn\u00e9es techniques<\/p>\n<\/div>\n<\/div>\n<\/div>\n\n\n\n<figure class=\"wp-block-table\"><table class=\"has-fixed-layout\"><tbody><tr><th>Usage du produit<\/th><td>Nettoyer une terrasse sup\u00e9rieure \u00e0 50m\u00b2, la fa\u00e7ade et la toiture<\/td><\/tr><tr><th>D\u00e9bit maximum (en l\/h)<\/th><td>600<\/td><\/tr><tr><th>Mati\u00e8re du corps de pompe<\/th><td>Aluminium<\/td><\/tr><tr><th>Marque du produit<\/th><td>KARCHER<\/td><\/tr><tr><th>Type de moteur<\/th><td>Induction<\/td><\/tr><tr><th>Puissance (en W)<\/th><td>3000<\/td><\/tr><tr><th>Refroidissement du moteur<\/th><td>A l&rsquo;eau<\/td><\/tr><tr><th>P\u00e9riode de disponibilit\u00e9 des pi\u00e8ces d\u00e9tach\u00e9es apr\u00e8s le dernier achat de la derni\u00e8re unit\u00e9 vendue (en ann\u00e9es)<\/th><td>5<\/td><\/tr><\/tbody><\/table><\/figure>\n","protected":false},"excerpt":{"rendered":"<p>Type de courant (V\/Hz) 230 \/ 50 Pression (bar\/MPa) 20 &#8211; max. 180 \/ 2 &#8211; max. 18 D\u00e9bit (l\/h) max. 600 Rendement surfacique (m\u00b2\/h) 60 Temp\u00e9rature d&rsquo;admission (\u00b0C) max. 60 C\u00e2ble d&rsquo;alimentation (m) 5 Poids sans accessoires (kg) 17,5 NETTOYEUR HAUTE PRESSION 180 bars K 7 POWER Flex \u00c9quip\u00e9 d&rsquo;un moteur refroidi \u00e0 l&rsquo;eau, [&hellip;]<\/p>\n","protected":false},"author":1,"featured_media":0,"parent":233,"menu_order":0,"comment_status":"closed","ping_status":"closed","template":"","meta":{"footnotes":""},"class_list":["post-89","page","type-page","status-publish","hentry"],"_links":{"self":[{"href":"https:\/\/lokago.fr\/index.php?rest_route=\/wp\/v2\/pages\/89","targetHints":{"allow":["GET"]}}],"collection":[{"href":"https:\/\/lokago.fr\/index.php?rest_route=\/wp\/v2\/pages"}],"about":[{"href":"https:\/\/lokago.fr\/index.php?rest_route=\/wp\/v2\/types\/page"}],"author":[{"embeddable":true,"href":"https:\/\/lokago.fr\/index.php?rest_route=\/wp\/v2\/users\/1"}],"replies":[{"embeddable":true,"href":"https:\/\/lokago.fr\/index.php?rest_route=%2Fwp%2Fv2%2Fcomments&post=89"}],"version-history":[{"count":1,"href":"https:\/\/lokago.fr\/index.php?rest_route=\/wp\/v2\/pages\/89\/revisions"}],"predecessor-version":[{"id":90,"href":"https:\/\/lokago.fr\/index.php?rest_route=\/wp\/v2\/pages\/89\/revisions\/90"}],"up":[{"embeddable":true,"href":"https:\/\/lokago.fr\/index.php?rest_route=\/wp\/v2\/pages\/233"}],"wp:attachment":[{"href":"https:\/\/lokago.fr\/index.php?rest_route=%2Fwp%2Fv2%2Fmedia&parent=89"}],"curies":[{"name":"wp","href":"https:\/\/api.w.org\/{rel}","templated":true}]}}