{"id":330,"date":"2025-09-28T15:30:43","date_gmt":"2025-09-28T15:30:43","guid":{"rendered":"https:\/\/lokago.fr\/?page_id=330"},"modified":"2025-09-28T15:31:09","modified_gmt":"2025-09-28T15:31:09","slug":"kit-daccessoires-pour-compresseur","status":"publish","type":"page","link":"https:\/\/lokago.fr\/?page_id=330","title":{"rendered":"Kit d&rsquo;Accessoires pour Compresseur"},"content":{"rendered":"\n<div class=\"wp-block-media-text alignwide is-stacked-on-mobile\"><figure class=\"wp-block-media-text__media\"><img loading=\"lazy\" decoding=\"async\" width=\"900\" height=\"672\" src=\"https:\/\/lokago.fr\/wp-content\/uploads\/2025\/09\/accessoire-compresseur-1.png\" alt=\"\" class=\"wp-image-331 size-full\" srcset=\"https:\/\/lokago.fr\/wp-content\/uploads\/2025\/09\/accessoire-compresseur-1.png 900w, https:\/\/lokago.fr\/wp-content\/uploads\/2025\/09\/accessoire-compresseur-1-300x224.png 300w, https:\/\/lokago.fr\/wp-content\/uploads\/2025\/09\/accessoire-compresseur-1-768x573.png 768w\" sizes=\"auto, (max-width: 900px) 100vw, 900px\" \/><\/figure><div class=\"wp-block-media-text__content\">\n<p>Ce kit est la solution parfaite pour vos besoins quotidiens en mati\u00e8re de soufflage, de gonflage, de peinture ou encore de nettoyage. Il se compose de 5 outils diff\u00e9rents, \u00e0 savoir une soufflette bec court, un gonfleur, un pistolet de peinture \u00e0 gravit\u00e9, un pulv\u00e9risateur en aluminium ainsi qu&rsquo;un tuyau permettant le raccordement entre le compresseur et l&rsquo;outil pneumatique.<\/p>\n\n\n\n<p>Ces outils sont dot\u00e9s de poign\u00e9es ergonomiques isolantes pour une utilisation facile en toute s\u00e9curit\u00e9.<\/p>\n<\/div><\/div>\n\n\n\n<figure class=\"wp-block-gallery has-nested-images columns-default is-cropped wp-block-gallery-1 is-layout-flex wp-block-gallery-is-layout-flex\">\n<figure class=\"wp-block-image aligncenter size-large\"><img loading=\"lazy\" decoding=\"async\" width=\"1015\" height=\"419\" data-id=\"332\" src=\"https:\/\/lokago.fr\/wp-content\/uploads\/2025\/09\/Capture-decran-2025-09-28-173009.png\" alt=\"\" class=\"wp-image-332\" srcset=\"https:\/\/lokago.fr\/wp-content\/uploads\/2025\/09\/Capture-decran-2025-09-28-173009.png 1015w, https:\/\/lokago.fr\/wp-content\/uploads\/2025\/09\/Capture-decran-2025-09-28-173009-300x124.png 300w, https:\/\/lokago.fr\/wp-content\/uploads\/2025\/09\/Capture-decran-2025-09-28-173009-768x317.png 768w\" sizes=\"auto, (max-width: 1015px) 100vw, 1015px\" \/><\/figure>\n<\/figure>\n","protected":false},"excerpt":{"rendered":"<p>Ce kit est la solution parfaite pour vos besoins quotidiens en mati\u00e8re de soufflage, de gonflage, de peinture ou encore de nettoyage. Il se compose de 5 outils diff\u00e9rents, \u00e0 savoir une soufflette bec court, un gonfleur, un pistolet de peinture \u00e0 gravit\u00e9, un pulv\u00e9risateur en aluminium ainsi qu&rsquo;un tuyau permettant le raccordement entre le [&hellip;]<\/p>\n","protected":false},"author":1,"featured_media":0,"parent":70,"menu_order":0,"comment_status":"closed","ping_status":"closed","template":"","meta":{"footnotes":""},"class_list":["post-330","page","type-page","status-publish","hentry"],"_links":{"self":[{"href":"https:\/\/lokago.fr\/index.php?rest_route=\/wp\/v2\/pages\/330","targetHints":{"allow":["GET"]}}],"collection":[{"href":"https:\/\/lokago.fr\/index.php?rest_route=\/wp\/v2\/pages"}],"about":[{"href":"https:\/\/lokago.fr\/index.php?rest_route=\/wp\/v2\/types\/page"}],"author":[{"embeddable":true,"href":"https:\/\/lokago.fr\/index.php?rest_route=\/wp\/v2\/users\/1"}],"replies":[{"embeddable":true,"href":"https:\/\/lokago.fr\/index.php?rest_route=%2Fwp%2Fv2%2Fcomments&post=330"}],"version-history":[{"count":1,"href":"https:\/\/lokago.fr\/index.php?rest_route=\/wp\/v2\/pages\/330\/revisions"}],"predecessor-version":[{"id":333,"href":"https:\/\/lokago.fr\/index.php?rest_route=\/wp\/v2\/pages\/330\/revisions\/333"}],"up":[{"embeddable":true,"href":"https:\/\/lokago.fr\/index.php?rest_route=\/wp\/v2\/pages\/70"}],"wp:attachment":[{"href":"https:\/\/lokago.fr\/index.php?rest_route=%2Fwp%2Fv2%2Fmedia&parent=330"}],"curies":[{"name":"wp","href":"https:\/\/api.w.org\/{rel}","templated":true}]}}