{"id":276,"date":"2025-09-28T13:54:55","date_gmt":"2025-09-28T13:54:55","guid":{"rendered":"https:\/\/lokago.fr\/?page_id=276"},"modified":"2025-09-28T13:58:57","modified_gmt":"2025-09-28T13:58:57","slug":"brouette-8-en-1","status":"publish","type":"page","link":"https:\/\/lokago.fr\/?page_id=276","title":{"rendered":"Brouette 8 en 1"},"content":{"rendered":"\n<div class=\"wp-block-media-text alignwide is-stacked-on-mobile\"><figure class=\"wp-block-media-text__media\"><img loading=\"lazy\" decoding=\"async\" width=\"713\" height=\"694\" src=\"https:\/\/lokago.fr\/wp-content\/uploads\/2025\/09\/brouette-8-en-1.png\" alt=\"\" class=\"wp-image-278 size-full\" srcset=\"https:\/\/lokago.fr\/wp-content\/uploads\/2025\/09\/brouette-8-en-1.png 713w, https:\/\/lokago.fr\/wp-content\/uploads\/2025\/09\/brouette-8-en-1-300x292.png 300w\" sizes=\"auto, (max-width: 713px) 100vw, 713px\" \/><\/figure><div class=\"wp-block-media-text__content\">\n<p>8 fonctions en 1 : brouette, diable, chariot, porte-sac, porte-plante, remorquage et plus<\/p>\n\n\n\n<p>Capacit\u00e9 jusqu\u2019\u00e0 136 kg avec centre de gravit\u00e9 optimis\u00e9 pour un transport sans effort<\/p>\n\n\n\n<p>Pneus tout terrain pleins, anti-crevaison, sans entretien ni gonflage n\u00e9cessaire<\/p>\n\n\n\n<p>Poign\u00e9es ergonomiques avec rev\u00eatement souple pour une prise en main confortable<\/p>\n\n\n\n<p>Bras extensibles et attaches multiples pour objets lourds ou irr\u00e9guliers<\/p>\n\n\n\n<p>Structure en acier haute r\u00e9sistance pour une durabilit\u00e9 et une stabilit\u00e9 exceptionnelles<\/p>\n<\/div><\/div>\n","protected":false},"excerpt":{"rendered":"<p>8 fonctions en 1 : brouette, diable, chariot, porte-sac, porte-plante, remorquage et plus Capacit\u00e9 jusqu\u2019\u00e0 136 kg avec centre de gravit\u00e9 optimis\u00e9 pour un transport sans effort Pneus tout terrain pleins, anti-crevaison, sans entretien ni gonflage n\u00e9cessaire Poign\u00e9es ergonomiques avec rev\u00eatement souple pour une prise en main confortable Bras extensibles et attaches multiples pour objets [&hellip;]<\/p>\n","protected":false},"author":1,"featured_media":0,"parent":254,"menu_order":0,"comment_status":"closed","ping_status":"closed","template":"","meta":{"footnotes":""},"class_list":["post-276","page","type-page","status-publish","hentry"],"_links":{"self":[{"href":"https:\/\/lokago.fr\/index.php?rest_route=\/wp\/v2\/pages\/276","targetHints":{"allow":["GET"]}}],"collection":[{"href":"https:\/\/lokago.fr\/index.php?rest_route=\/wp\/v2\/pages"}],"about":[{"href":"https:\/\/lokago.fr\/index.php?rest_route=\/wp\/v2\/types\/page"}],"author":[{"embeddable":true,"href":"https:\/\/lokago.fr\/index.php?rest_route=\/wp\/v2\/users\/1"}],"replies":[{"embeddable":true,"href":"https:\/\/lokago.fr\/index.php?rest_route=%2Fwp%2Fv2%2Fcomments&post=276"}],"version-history":[{"count":1,"href":"https:\/\/lokago.fr\/index.php?rest_route=\/wp\/v2\/pages\/276\/revisions"}],"predecessor-version":[{"id":279,"href":"https:\/\/lokago.fr\/index.php?rest_route=\/wp\/v2\/pages\/276\/revisions\/279"}],"up":[{"embeddable":true,"href":"https:\/\/lokago.fr\/index.php?rest_route=\/wp\/v2\/pages\/254"}],"wp:attachment":[{"href":"https:\/\/lokago.fr\/index.php?rest_route=%2Fwp%2Fv2%2Fmedia&parent=276"}],"curies":[{"name":"wp","href":"https:\/\/api.w.org\/{rel}","templated":true}]}}