{"id":254,"date":"2025-09-28T13:30:17","date_gmt":"2025-09-28T13:30:17","guid":{"rendered":"https:\/\/lokago.fr\/?page_id=254"},"modified":"2025-09-29T17:30:41","modified_gmt":"2025-09-29T17:30:41","slug":"jardinage","status":"publish","type":"page","link":"https:\/\/lokago.fr\/?page_id=254","title":{"rendered":"Jardinage"},"content":{"rendered":"\n<div class=\"wp-block-media-text alignwide has-media-on-the-right is-stacked-on-mobile\" style=\"margin-top:0;margin-right:0;margin-bottom:0;margin-left:0;padding-top:0;padding-right:var(--wp--preset--spacing--80);padding-bottom:0;padding-left:var(--wp--preset--spacing--80);grid-template-columns:auto 31%\"><div class=\"wp-block-media-text__content\">\n<p>Nous sommes aussi pr\u00e9sent pour vos travaux d&rsquo;ext\u00e9rieur ! <\/p>\n<\/div><figure class=\"wp-block-media-text__media\"><img loading=\"lazy\" decoding=\"async\" width=\"683\" height=\"1024\" src=\"http:\/\/lokago.fr\/wp-content\/uploads\/2025\/09\/ChatGPT-Image-21-sept.-2025-18_33_14-683x1024.png\" alt=\"\" class=\"wp-image-203 size-full\" srcset=\"https:\/\/lokago.fr\/wp-content\/uploads\/2025\/09\/ChatGPT-Image-21-sept.-2025-18_33_14-683x1024.png 683w, https:\/\/lokago.fr\/wp-content\/uploads\/2025\/09\/ChatGPT-Image-21-sept.-2025-18_33_14-200x300.png 200w, https:\/\/lokago.fr\/wp-content\/uploads\/2025\/09\/ChatGPT-Image-21-sept.-2025-18_33_14-768x1152.png 768w, https:\/\/lokago.fr\/wp-content\/uploads\/2025\/09\/ChatGPT-Image-21-sept.-2025-18_33_14.png 1024w\" sizes=\"auto, (max-width: 683px) 100vw, 683px\" \/><\/figure><\/div>\n\n\n\n<div class=\"wp-block-group alignfull has-global-padding is-layout-constrained wp-container-core-group-is-layout-ebee8dc1 wp-block-group-is-layout-constrained\" style=\"margin-top:0;margin-bottom:0;padding-top:var(--wp--preset--spacing--50);padding-bottom:var(--wp--preset--spacing--50)\">\n<h2 class=\"wp-block-heading alignwide has-xx-large-font-size\">Pour la taille : <\/h2>\n\n\n\n<div class=\"wp-block-columns alignwide is-layout-flex wp-container-core-columns-is-layout-28f84493 wp-block-columns-is-layout-flex\">\n<div class=\"wp-block-column is-layout-flow wp-block-column-is-layout-flow\">\n<figure class=\"wp-block-image aligncenter size-full is-resized\" style=\"margin-bottom:24px\"><img loading=\"lazy\" decoding=\"async\" width=\"1170\" height=\"1106\" src=\"https:\/\/lokago.fr\/wp-content\/uploads\/2025\/09\/WhatsApp-Image-2025-09-25-at-19.20.00-1.jpeg\" alt=\"\" class=\"wp-image-255\" style=\"width:262px;height:auto\" srcset=\"https:\/\/lokago.fr\/wp-content\/uploads\/2025\/09\/WhatsApp-Image-2025-09-25-at-19.20.00-1.jpeg 1170w, https:\/\/lokago.fr\/wp-content\/uploads\/2025\/09\/WhatsApp-Image-2025-09-25-at-19.20.00-1-300x284.jpeg 300w, https:\/\/lokago.fr\/wp-content\/uploads\/2025\/09\/WhatsApp-Image-2025-09-25-at-19.20.00-1-1024x968.jpeg 1024w, https:\/\/lokago.fr\/wp-content\/uploads\/2025\/09\/WhatsApp-Image-2025-09-25-at-19.20.00-1-768x726.jpeg 768w\" sizes=\"auto, (max-width: 1170px) 100vw, 1170px\" \/><\/figure>\n\n\n\n<h3 class=\"wp-block-heading has-text-align-center\">Taille haie \u00e9clectique<\/h3>\n\n\n\n<p class=\"has-text-align-center has-large-font-size\">25\u20ac\/ jour<\/p>\n\n\n\n<p class=\"has-text-align-center has-large-font-size\">40\u20ac \/ week end<\/p>\n\n\n\n<p class=\"has-text-align-center\">100\u20ac\/ semaine<\/p>\n\n\n\n<div class=\"wp-block-buttons is-content-justification-center is-layout-flex wp-container-core-buttons-is-layout-a89b3969 wp-block-buttons-is-layout-flex\">\n<div class=\"wp-block-button\"><a class=\"wp-block-button__link wp-element-button\" href=\"https:\/\/lokago.fr\/?page_id=268\">En savoir plus<\/a><\/div>\n<\/div>\n<\/div>\n\n\n\n<div class=\"wp-block-column is-layout-flow wp-block-column-is-layout-flow\">\n<figure class=\"wp-block-image size-full is-resized\" style=\"margin-top:0;margin-right:0;margin-bottom:0px;margin-left:var(--wp--preset--spacing--70)\"><img loading=\"lazy\" decoding=\"async\" width=\"632\" height=\"780\" src=\"https:\/\/lokago.fr\/wp-content\/uploads\/2025\/09\/Capture-decran-2025-09-26-222715.png\" alt=\"\" class=\"wp-image-256\" style=\"width:202px;height:auto\" srcset=\"https:\/\/lokago.fr\/wp-content\/uploads\/2025\/09\/Capture-decran-2025-09-26-222715.png 632w, https:\/\/lokago.fr\/wp-content\/uploads\/2025\/09\/Capture-decran-2025-09-26-222715-243x300.png 243w\" sizes=\"auto, (max-width: 632px) 100vw, 632px\" \/><\/figure>\n\n\n\n<h3 class=\"wp-block-heading has-text-align-center\">S\u00e9cateur sur batterie<\/h3>\n\n\n\n<p class=\"has-text-align-center has-large-font-size\">15\u20ac\/jour<\/p>\n\n\n\n<p class=\"has-text-align-center\">25\u20ac\/ week end<\/p>\n\n\n\n<p class=\"has-text-align-center\">60\u20ac\/ semaine<\/p>\n\n\n\n<div class=\"wp-block-buttons is-content-justification-center is-layout-flex wp-container-core-buttons-is-layout-a89b3969 wp-block-buttons-is-layout-flex\">\n<div class=\"wp-block-button\"><a class=\"wp-block-button__link wp-element-button\" href=\"https:\/\/lokago.fr\/?page_id=263\">En savoir plus<\/a><\/div>\n<\/div>\n<\/div>\n\n\n\n<div class=\"wp-block-column is-layout-flow wp-block-column-is-layout-flow\">\n<figure class=\"wp-block-image size-full is-resized\" style=\"margin-top:0;margin-right:0;margin-bottom:24px;margin-left:var(--wp--preset--spacing--70)\"><img loading=\"lazy\" decoding=\"async\" width=\"588\" height=\"583\" src=\"https:\/\/lokago.fr\/wp-content\/uploads\/2025\/09\/Debrousailleuse.png\" alt=\"\" class=\"wp-image-258\" style=\"width:254px;height:auto\" srcset=\"https:\/\/lokago.fr\/wp-content\/uploads\/2025\/09\/Debrousailleuse.png 588w, https:\/\/lokago.fr\/wp-content\/uploads\/2025\/09\/Debrousailleuse-300x297.png 300w, https:\/\/lokago.fr\/wp-content\/uploads\/2025\/09\/Debrousailleuse-150x150.png 150w\" sizes=\"auto, (max-width: 588px) 100vw, 588px\" \/><\/figure>\n\n\n\n<h3 class=\"wp-block-heading has-text-align-center\">D\u00e9brousailleuse <\/h3>\n\n\n\n<p class=\"has-text-align-center has-large-font-size\">25\u20ac\/jour<\/p>\n\n\n\n<p class=\"has-text-align-center has-large-font-size\">40\u20ac\/ week end<\/p>\n\n\n\n<p class=\"has-text-align-center has-large-font-size\">100\u20ac\/ semaine<\/p>\n\n\n\n<div class=\"wp-block-buttons is-content-justification-center is-layout-flex wp-container-core-buttons-is-layout-a89b3969 wp-block-buttons-is-layout-flex\">\n<div class=\"wp-block-button\"><a class=\"wp-block-button__link wp-element-button\" href=\"https:\/\/lokago.fr\/?page_id=271\">En savoir plus<\/a><\/div>\n<\/div>\n<\/div>\n<\/div>\n\n\n\n<div class=\"wp-block-group alignfull has-global-padding is-layout-constrained wp-container-core-group-is-layout-190373c5 wp-block-group-is-layout-constrained\" style=\"margin-top:0;margin-bottom:0;padding-top:var(--wp--preset--spacing--50);padding-bottom:var(--wp--preset--spacing--50)\">\n<div class=\"wp-block-group alignwide has-global-padding is-content-justification-left is-layout-constrained wp-container-core-group-is-layout-12dd3699 wp-block-group-is-layout-constrained\">\n<h2 class=\"wp-block-heading has-xx-large-font-size\">Pour la coupe<\/h2>\n<\/div>\n\n\n\n<div class=\"wp-block-columns alignwide is-layout-flex wp-container-core-columns-is-layout-cdebebb7 wp-block-columns-is-layout-flex\" style=\"padding-top:0;padding-bottom:0\">\n<div class=\"wp-block-column is-layout-flow wp-container-core-column-is-layout-8ad66c59 wp-block-column-is-layout-flow\" style=\"padding-top:var(--wp--preset--spacing--70)\">\n<figure class=\"wp-block-image size-full\"><img loading=\"lazy\" decoding=\"async\" width=\"640\" height=\"385\" src=\"http:\/\/lokago.fr\/wp-content\/uploads\/2025\/07\/tronconneuse-a-essence-ms-172-stihl-e1753711331867.jpg\" alt=\"\" class=\"wp-image-23\" srcset=\"https:\/\/lokago.fr\/wp-content\/uploads\/2025\/07\/tronconneuse-a-essence-ms-172-stihl-e1753711331867.jpg 640w, https:\/\/lokago.fr\/wp-content\/uploads\/2025\/07\/tronconneuse-a-essence-ms-172-stihl-e1753711331867-300x180.jpg 300w\" sizes=\"auto, (max-width: 640px) 100vw, 640px\" \/><\/figure>\n\n\n\n<div class=\"wp-block-group is-vertical is-layout-flex wp-container-core-group-is-layout-971a3e1f wp-block-group-is-layout-flex\" style=\"padding-top:var(--wp--preset--spacing--30)\">\n<h3 class=\"wp-block-heading has-x-large-font-size\" style=\"padding-top:var(--wp--preset--spacing--20)\">Tron\u00e7onneuse STIHL<\/h3>\n\n\n\n<p class=\"has-medium-font-size\">25\u20ac\/jour<\/p>\n\n\n\n<p class=\"has-medium-font-size\">40\u20ac\/ week end<\/p>\n\n\n\n<p class=\"has-medium-font-size\">100\u20ac\/ semaine<\/p>\n\n\n\n<div class=\"wp-block-buttons is-layout-flex wp-block-buttons-is-layout-flex\">\n<div class=\"wp-block-button\"><a class=\"wp-block-button__link wp-element-button\" href=\"https:\/\/lokago.fr\/?page_id=91\">En savoir plus<\/a><\/div>\n<\/div>\n<\/div>\n<\/div>\n\n\n\n<div class=\"wp-block-column is-layout-flow wp-container-core-column-is-layout-8ad66c59 wp-block-column-is-layout-flow\" style=\"padding-top:var(--wp--preset--spacing--70)\">\n<figure class=\"wp-block-image size-full is-resized\"><img loading=\"lazy\" decoding=\"async\" width=\"1022\" height=\"723\" src=\"https:\/\/lokago.fr\/wp-content\/uploads\/2025\/09\/Scie-sabre.png\" alt=\"\" class=\"wp-image-260\" style=\"width:355px;height:auto\" srcset=\"https:\/\/lokago.fr\/wp-content\/uploads\/2025\/09\/Scie-sabre.png 1022w, https:\/\/lokago.fr\/wp-content\/uploads\/2025\/09\/Scie-sabre-300x212.png 300w, https:\/\/lokago.fr\/wp-content\/uploads\/2025\/09\/Scie-sabre-768x543.png 768w\" sizes=\"auto, (max-width: 1022px) 100vw, 1022px\" \/><\/figure>\n\n\n\n<div class=\"wp-block-group is-vertical is-layout-flex wp-container-core-group-is-layout-971a3e1f wp-block-group-is-layout-flex\" style=\"padding-top:var(--wp--preset--spacing--30)\">\n<h3 class=\"wp-block-heading has-x-large-font-size\" style=\"padding-top:var(--wp--preset--spacing--20)\">Scie sabre<\/h3>\n\n\n\n<p class=\"has-medium-font-size\">20\u20ac\/jour<\/p>\n\n\n\n<p class=\"has-medium-font-size\">30\u20ac\/ week end<\/p>\n\n\n\n<p class=\"has-medium-font-size\">80\u20ac\/ semaine<\/p>\n\n\n\n<div class=\"wp-block-buttons is-layout-flex wp-block-buttons-is-layout-flex\">\n<div class=\"wp-block-button\"><a class=\"wp-block-button__link wp-element-button\">En savoir plus<\/a><\/div>\n<\/div>\n<\/div>\n<\/div>\n\n\n\n<div class=\"wp-block-column is-layout-flow wp-container-core-column-is-layout-8ad66c59 wp-block-column-is-layout-flow\" style=\"padding-top:var(--wp--preset--spacing--70)\"><\/div>\n<\/div>\n<\/div>\n<\/div>\n\n\n\n<div class=\"wp-block-group alignfull has-global-padding is-layout-constrained wp-container-core-group-is-layout-ebee8dc1 wp-block-group-is-layout-constrained\" style=\"margin-top:0;margin-bottom:0;padding-top:var(--wp--preset--spacing--50);padding-bottom:var(--wp--preset--spacing--50)\">\n<h2 class=\"wp-block-heading alignwide has-xx-large-font-size\">Pour le transport<\/h2>\n\n\n\n<div class=\"wp-block-columns alignwide is-layout-flex wp-container-core-columns-is-layout-28f84493 wp-block-columns-is-layout-flex\">\n<div class=\"wp-block-column is-layout-flow wp-block-column-is-layout-flow\">\n<figure class=\"wp-block-image size-full is-resized\" style=\"margin-bottom:24px;margin-left:var(--wp--preset--spacing--40)\"><img loading=\"lazy\" decoding=\"async\" width=\"760\" height=\"497\" src=\"http:\/\/lokago.fr\/wp-content\/uploads\/2025\/09\/Capture-decran-2025-09-26-223100.png\" alt=\"\" class=\"wp-image-257\" style=\"width:352px;height:auto\" srcset=\"https:\/\/lokago.fr\/wp-content\/uploads\/2025\/09\/Capture-decran-2025-09-26-223100.png 760w, https:\/\/lokago.fr\/wp-content\/uploads\/2025\/09\/Capture-decran-2025-09-26-223100-300x196.png 300w\" sizes=\"auto, (max-width: 760px) 100vw, 760px\" \/><\/figure>\n\n\n\n<h3 class=\"wp-block-heading has-x-large-font-size\">Brouette 8 en 1<\/h3>\n\n\n\n<p class=\"has-medium-font-size\">20\u20ac\/jour<\/p>\n\n\n\n<p class=\"has-medium-font-size\">30\u20ac\/ week end<\/p>\n\n\n\n<p class=\"has-medium-font-size\">80\u20ac\/ semaine<\/p>\n\n\n\n<div class=\"wp-block-buttons is-content-justification-center is-layout-flex wp-container-core-buttons-is-layout-a89b3969 wp-block-buttons-is-layout-flex\">\n<div class=\"wp-block-button\"><a class=\"wp-block-button__link wp-element-button\" href=\"https:\/\/lokago.fr\/?page_id=276\">En savoir plus<\/a><\/div>\n<\/div>\n<\/div>\n\n\n\n<div class=\"wp-block-column is-layout-flow wp-block-column-is-layout-flow\">\n<figure class=\"wp-block-image size-full\" style=\"margin-bottom:24px\"><img loading=\"lazy\" decoding=\"async\" width=\"750\" height=\"411\" src=\"http:\/\/lokago.fr\/wp-content\/uploads\/2025\/09\/remorque.jpg\" alt=\"\" class=\"wp-image-224\" srcset=\"https:\/\/lokago.fr\/wp-content\/uploads\/2025\/09\/remorque.jpg 750w, https:\/\/lokago.fr\/wp-content\/uploads\/2025\/09\/remorque-300x164.jpg 300w\" sizes=\"auto, (max-width: 750px) 100vw, 750px\" \/><\/figure>\n\n\n\n<h3 class=\"wp-block-heading has-x-large-font-size\">Remorque double essieux<\/h3>\n\n\n\n<p class=\"has-medium-font-size\">30\u20ac\/jour<\/p>\n\n\n\n<p class=\"has-medium-font-size\">50\u20ac\/ week end<\/p>\n\n\n\n<p class=\"has-medium-font-size\">120\u20ac\/ semaine<\/p>\n\n\n\n<div class=\"wp-block-buttons is-content-justification-center is-layout-flex wp-container-core-buttons-is-layout-a89b3969 wp-block-buttons-is-layout-flex\">\n<div class=\"wp-block-button\"><a class=\"wp-block-button__link wp-element-button\" href=\"https:\/\/lokago.fr\/?page_id=248\">En savoir plus<\/a><\/div>\n<\/div>\n<\/div>\n\n\n\n<div class=\"wp-block-column is-layout-flow wp-block-column-is-layout-flow\">\n<figure class=\"wp-block-image size-full is-resized\" style=\"margin-right:0;margin-bottom:24px;margin-left:var(--wp--preset--spacing--70)\"><img loading=\"lazy\" decoding=\"async\" width=\"684\" height=\"808\" src=\"https:\/\/lokago.fr\/wp-content\/uploads\/2025\/09\/diable.png\" alt=\"\" class=\"wp-image-259\" style=\"width:191px;height:auto\" srcset=\"https:\/\/lokago.fr\/wp-content\/uploads\/2025\/09\/diable.png 684w, https:\/\/lokago.fr\/wp-content\/uploads\/2025\/09\/diable-254x300.png 254w\" sizes=\"auto, (max-width: 684px) 100vw, 684px\" \/><\/figure>\n\n\n\n<h3 class=\"wp-block-heading has-x-large-font-size\">Diable 3 en 1<\/h3>\n\n\n\n<p class=\"has-medium-font-size\">20\u20ac\/jour<\/p>\n\n\n\n<p class=\"has-medium-font-size\">30\u20ac\/ week end<\/p>\n\n\n\n<p class=\"has-medium-font-size\">80\u20ac\/ semaine<\/p>\n\n\n\n<div class=\"wp-block-buttons is-content-justification-center is-layout-flex wp-container-core-buttons-is-layout-a89b3969 wp-block-buttons-is-layout-flex\">\n<div class=\"wp-block-button\"><a class=\"wp-block-button__link wp-element-button\" href=\"https:\/\/lokago.fr\/?page_id=280\">En savoir plus<\/a><\/div>\n<\/div>\n<\/div>\n<\/div>\n<\/div>\n\n\n\n<div class=\"wp-block-group alignfull has-global-padding is-layout-constrained wp-container-core-group-is-layout-190373c5 wp-block-group-is-layout-constrained\" style=\"margin-top:0;margin-bottom:0;padding-top:var(--wp--preset--spacing--50);padding-bottom:var(--wp--preset--spacing--50)\">\n<div class=\"wp-block-group alignwide has-global-padding is-content-justification-left is-layout-constrained wp-container-core-group-is-layout-12dd3699 wp-block-group-is-layout-constrained\">\n<h2 class=\"wp-block-heading has-xx-large-font-size\">Pour aider <\/h2>\n<\/div>\n\n\n\n<div class=\"wp-block-columns alignwide is-layout-flex wp-container-core-columns-is-layout-cdebebb7 wp-block-columns-is-layout-flex\" style=\"padding-top:0;padding-bottom:0\">\n<div class=\"wp-block-column is-layout-flow wp-container-core-column-is-layout-8ad66c59 wp-block-column-is-layout-flow\" style=\"padding-top:var(--wp--preset--spacing--70)\">\n<figure class=\"wp-block-image size-full\"><img loading=\"lazy\" decoding=\"async\" width=\"558\" height=\"574\" src=\"https:\/\/lokago.fr\/wp-content\/uploads\/2025\/09\/Echelle-telescopique.png\" alt=\"\" class=\"wp-image-306\" srcset=\"https:\/\/lokago.fr\/wp-content\/uploads\/2025\/09\/Echelle-telescopique.png 558w, https:\/\/lokago.fr\/wp-content\/uploads\/2025\/09\/Echelle-telescopique-292x300.png 292w\" sizes=\"auto, (max-width: 558px) 100vw, 558px\" \/><\/figure>\n\n\n\n<div class=\"wp-block-group is-vertical is-layout-flex wp-container-core-group-is-layout-971a3e1f wp-block-group-is-layout-flex\" style=\"padding-top:var(--wp--preset--spacing--30)\">\n<h3 class=\"wp-block-heading has-x-large-font-size\" style=\"padding-top:var(--wp--preset--spacing--20)\">Echelle t\u00e9l\u00e9scopique<\/h3>\n\n\n\n<p class=\"has-accent-4-color has-text-color has-link-color has-medium-font-size wp-elements-5ab7aab59c93c3a7c1ba86af73681f1a\">Echelle de 5m de hauteur &#8211; 150kg<\/p>\n<\/div>\n\n\n\n<p class=\"has-medium-font-size\" style=\"padding-top:var(--wp--preset--spacing--40)\">20\u20ac\/jour<\/p>\n\n\n\n<p><\/p>\n\n\n\n<p class=\"has-medium-font-size\">30\u20ac\/ week end<\/p>\n\n\n\n<p><\/p>\n\n\n\n<p class=\"has-medium-font-size\">80\u20ac\/ semaine<\/p>\n<\/div>\n\n\n\n<div class=\"wp-block-column is-layout-flow wp-container-core-column-is-layout-8ad66c59 wp-block-column-is-layout-flow\" style=\"padding-top:var(--wp--preset--spacing--70)\"><\/div>\n\n\n\n<div class=\"wp-block-column is-layout-flow wp-container-core-column-is-layout-8ad66c59 wp-block-column-is-layout-flow\" style=\"padding-top:var(--wp--preset--spacing--70)\"><\/div>\n<\/div>\n<\/div>\n","protected":false},"excerpt":{"rendered":"<p>Nous sommes aussi pr\u00e9sent pour vos travaux d&rsquo;ext\u00e9rieur ! Pour la taille : Taille haie \u00e9clectique 25\u20ac\/ jour 40\u20ac \/ week end 100\u20ac\/ semaine S\u00e9cateur sur batterie 15\u20ac\/jour 25\u20ac\/ week end 60\u20ac\/ semaine D\u00e9brousailleuse 25\u20ac\/jour 40\u20ac\/ week end 100\u20ac\/ semaine Pour la coupe Tron\u00e7onneuse STIHL 25\u20ac\/jour 40\u20ac\/ week end 100\u20ac\/ semaine Scie sabre 20\u20ac\/jour 30\u20ac\/ [&hellip;]<\/p>\n","protected":false},"author":1,"featured_media":0,"parent":0,"menu_order":0,"comment_status":"closed","ping_status":"closed","template":"","meta":{"footnotes":""},"class_list":["post-254","page","type-page","status-publish","hentry"],"_links":{"self":[{"href":"https:\/\/lokago.fr\/index.php?rest_route=\/wp\/v2\/pages\/254","targetHints":{"allow":["GET"]}}],"collection":[{"href":"https:\/\/lokago.fr\/index.php?rest_route=\/wp\/v2\/pages"}],"about":[{"href":"https:\/\/lokago.fr\/index.php?rest_route=\/wp\/v2\/types\/page"}],"author":[{"embeddable":true,"href":"https:\/\/lokago.fr\/index.php?rest_route=\/wp\/v2\/users\/1"}],"replies":[{"embeddable":true,"href":"https:\/\/lokago.fr\/index.php?rest_route=%2Fwp%2Fv2%2Fcomments&post=254"}],"version-history":[{"count":8,"href":"https:\/\/lokago.fr\/index.php?rest_route=\/wp\/v2\/pages\/254\/revisions"}],"predecessor-version":[{"id":353,"href":"https:\/\/lokago.fr\/index.php?rest_route=\/wp\/v2\/pages\/254\/revisions\/353"}],"wp:attachment":[{"href":"https:\/\/lokago.fr\/index.php?rest_route=%2Fwp%2Fv2%2Fmedia&parent=254"}],"curies":[{"name":"wp","href":"https:\/\/api.w.org\/{rel}","templated":true}]}}