{"id":230,"date":"2025-09-26T19:41:20","date_gmt":"2025-09-26T19:41:20","guid":{"rendered":"https:\/\/lokago.fr\/?page_id=230"},"modified":"2025-09-26T19:41:44","modified_gmt":"2025-09-26T19:41:44","slug":"meuleuse-dangle-filaire-230-mm","status":"publish","type":"page","link":"https:\/\/lokago.fr\/?page_id=230","title":{"rendered":"Meuleuse d&rsquo;angle filaire 230 mm"},"content":{"rendered":"\n<p class=\"has-x-large-font-size\">230V DeWalt DWE490-QS 2000W<\/p>\n\n\n\n<div class=\"wp-block-group alignfull has-global-padding is-layout-constrained wp-block-group-is-layout-constrained\" style=\"margin-top:0;margin-bottom:0;padding-top:var(--wp--preset--spacing--50);padding-bottom:var(--wp--preset--spacing--50)\">\n<div class=\"wp-block-columns alignwide is-layout-flex wp-container-core-columns-is-layout-47c06fe3 wp-block-columns-is-layout-flex\">\n<div class=\"wp-block-column is-layout-flow wp-block-column-is-layout-flow\" style=\"flex-basis:56%\">\n<figure class=\"wp-block-image size-full\"><img loading=\"lazy\" decoding=\"async\" width=\"1170\" height=\"1304\" src=\"http:\/\/lokago.fr\/wp-content\/uploads\/2025\/09\/WhatsApp-Image-2025-09-25-at-19.20.00.jpeg\" alt=\"\" class=\"wp-image-225\" style=\"aspect-ratio:3\/2;object-fit:contain\" srcset=\"https:\/\/lokago.fr\/wp-content\/uploads\/2025\/09\/WhatsApp-Image-2025-09-25-at-19.20.00.jpeg 1170w, https:\/\/lokago.fr\/wp-content\/uploads\/2025\/09\/WhatsApp-Image-2025-09-25-at-19.20.00-269x300.jpeg 269w, https:\/\/lokago.fr\/wp-content\/uploads\/2025\/09\/WhatsApp-Image-2025-09-25-at-19.20.00-919x1024.jpeg 919w, https:\/\/lokago.fr\/wp-content\/uploads\/2025\/09\/WhatsApp-Image-2025-09-25-at-19.20.00-768x856.jpeg 768w\" sizes=\"auto, (max-width: 1170px) 100vw, 1170px\" \/><\/figure>\n<\/div>\n\n\n\n<div class=\"wp-block-column is-vertically-aligned-center is-layout-flow wp-container-core-column-is-layout-119bc444 wp-block-column-is-layout-flow\">\n<p class=\"has-text-align-center\">Meuleuse d&rsquo;angle robuste et puissante avec interrupteur de d\u00e9verrouillage sans tension. Le carter d&rsquo;engrenages ventil\u00e9 permet la circulation de l&rsquo;air pour une dissipation optimale de la chaleur, tandis que les enroulements rev\u00eatus d&rsquo;\u00e9poxy offrent une protection contre l&rsquo;abrasion et la poussi\u00e8re. Comprend une fen\u00eatre permettant le changement rapide des brosses et une protection \u00e0 d\u00e9gagement rapide pour les changements de position de la meuleuse.<\/p>\n\n\n\n<div class=\"wp-block-buttons is-layout-flex wp-block-buttons-is-layout-flex\"><\/div>\n<\/div>\n<\/div>\n<\/div>\n","protected":false},"excerpt":{"rendered":"<p>230V DeWalt DWE490-QS 2000W Meuleuse d&rsquo;angle robuste et puissante avec interrupteur de d\u00e9verrouillage sans tension. Le carter d&rsquo;engrenages ventil\u00e9 permet la circulation de l&rsquo;air pour une dissipation optimale de la chaleur, tandis que les enroulements rev\u00eatus d&rsquo;\u00e9poxy offrent une protection contre l&rsquo;abrasion et la poussi\u00e8re. Comprend une fen\u00eatre permettant le changement rapide des brosses et [&hellip;]<\/p>\n","protected":false},"author":1,"featured_media":0,"parent":70,"menu_order":0,"comment_status":"closed","ping_status":"closed","template":"","meta":{"footnotes":""},"class_list":["post-230","page","type-page","status-publish","hentry"],"_links":{"self":[{"href":"https:\/\/lokago.fr\/index.php?rest_route=\/wp\/v2\/pages\/230","targetHints":{"allow":["GET"]}}],"collection":[{"href":"https:\/\/lokago.fr\/index.php?rest_route=\/wp\/v2\/pages"}],"about":[{"href":"https:\/\/lokago.fr\/index.php?rest_route=\/wp\/v2\/types\/page"}],"author":[{"embeddable":true,"href":"https:\/\/lokago.fr\/index.php?rest_route=\/wp\/v2\/users\/1"}],"replies":[{"embeddable":true,"href":"https:\/\/lokago.fr\/index.php?rest_route=%2Fwp%2Fv2%2Fcomments&post=230"}],"version-history":[{"count":1,"href":"https:\/\/lokago.fr\/index.php?rest_route=\/wp\/v2\/pages\/230\/revisions"}],"predecessor-version":[{"id":231,"href":"https:\/\/lokago.fr\/index.php?rest_route=\/wp\/v2\/pages\/230\/revisions\/231"}],"up":[{"embeddable":true,"href":"https:\/\/lokago.fr\/index.php?rest_route=\/wp\/v2\/pages\/70"}],"wp:attachment":[{"href":"https:\/\/lokago.fr\/index.php?rest_route=%2Fwp%2Fv2%2Fmedia&parent=230"}],"curies":[{"name":"wp","href":"https:\/\/api.w.org\/{rel}","templated":true}]}}