{"id":215,"date":"2025-09-21T17:19:30","date_gmt":"2025-09-21T17:19:30","guid":{"rendered":"https:\/\/lokago.fr\/?page_id=215"},"modified":"2025-09-21T17:19:45","modified_gmt":"2025-09-21T17:19:45","slug":"la-machine-a-neige","status":"publish","type":"page","link":"https:\/\/lokago.fr\/?page_id=215","title":{"rendered":"La machine \u00e0 neige"},"content":{"rendered":"\n<div class=\"wp-block-media-text alignwide is-stacked-on-mobile\"><figure class=\"wp-block-media-text__media\"><img loading=\"lazy\" decoding=\"async\" width=\"692\" height=\"688\" src=\"https:\/\/lokago.fr\/wp-content\/uploads\/2025\/09\/machine-a-neige3.jpg\" alt=\"\" class=\"wp-image-216 size-full\" srcset=\"https:\/\/lokago.fr\/wp-content\/uploads\/2025\/09\/machine-a-neige3.jpg 692w, https:\/\/lokago.fr\/wp-content\/uploads\/2025\/09\/machine-a-neige3-300x298.jpg 300w, https:\/\/lokago.fr\/wp-content\/uploads\/2025\/09\/machine-a-neige3-150x150.jpg 150w\" sizes=\"auto, (max-width: 692px) 100vw, 692px\" \/><\/figure><div class=\"wp-block-media-text__content\">\n<p>D&rsquo;une capacit\u00e9 de 1L, le temps de pulv\u00e9risation de neige peut \u00eatre de 7 \u00e0 30 minutes et peut \u00eatre contr\u00f4l\u00e9 avec une t\u00e9l\u00e9commande \u00e0 une distance de 10 \u00e0 15 m\u00e8tres<\/p>\n\n\n\n<p>La machine \u00e0 neige est utilis\u00e9e pour cr\u00e9er des effets de flocon de neige int\u00e9rieurs et ext\u00e9rieurs, tels que :  D\u00e9corations de No\u00ebl, salles de mariage, repr\u00e9sentations th\u00e9\u00e2trales. Machine \u00e0 neige haute performance produisant de grandes quantit\u00e9s de neige pouvant \u00eatre souffl\u00e9e sur des distances consid\u00e9rables<\/p>\n\n\n\n<p>Fonctionnement facile de la t\u00e9l\u00e9commande\/c\u00e2ble : vous utilisez simplement la t\u00e9l\u00e9commande pour pulv\u00e9riser la neige en continu. Il est plus pratique \u00e0 utiliser et id\u00e9al pour cr\u00e9er des effets visuels passionnants. <\/p>\n\n\n\n<p>Volume du flocon de neige r\u00e9glable : \u00e9quip\u00e9 d&rsquo;un bouton de r\u00e9glage de la taille du flocon de neige, vous pouvez ajuster la taille des particules du flocon de neige en fonction de diff\u00e9rentes sc\u00e8nes<\/p>\n\n\n\n<p><\/p>\n<\/div><\/div>\n\n\n\n<p>Les consommables ne sont pas compris dans le prix de la location. <\/p>\n\n\n\n<p><\/p>\n","protected":false},"excerpt":{"rendered":"<p>D&rsquo;une capacit\u00e9 de 1L, le temps de pulv\u00e9risation de neige peut \u00eatre de 7 \u00e0 30 minutes et peut \u00eatre contr\u00f4l\u00e9 avec une t\u00e9l\u00e9commande \u00e0 une distance de 10 \u00e0 15 m\u00e8tres La machine \u00e0 neige est utilis\u00e9e pour cr\u00e9er des effets de flocon de neige int\u00e9rieurs et ext\u00e9rieurs, tels que : D\u00e9corations de No\u00ebl, [&hellip;]<\/p>\n","protected":false},"author":1,"featured_media":0,"parent":169,"menu_order":0,"comment_status":"closed","ping_status":"closed","template":"","meta":{"footnotes":""},"class_list":["post-215","page","type-page","status-publish","hentry"],"_links":{"self":[{"href":"https:\/\/lokago.fr\/index.php?rest_route=\/wp\/v2\/pages\/215","targetHints":{"allow":["GET"]}}],"collection":[{"href":"https:\/\/lokago.fr\/index.php?rest_route=\/wp\/v2\/pages"}],"about":[{"href":"https:\/\/lokago.fr\/index.php?rest_route=\/wp\/v2\/types\/page"}],"author":[{"embeddable":true,"href":"https:\/\/lokago.fr\/index.php?rest_route=\/wp\/v2\/users\/1"}],"replies":[{"embeddable":true,"href":"https:\/\/lokago.fr\/index.php?rest_route=%2Fwp%2Fv2%2Fcomments&post=215"}],"version-history":[{"count":1,"href":"https:\/\/lokago.fr\/index.php?rest_route=\/wp\/v2\/pages\/215\/revisions"}],"predecessor-version":[{"id":217,"href":"https:\/\/lokago.fr\/index.php?rest_route=\/wp\/v2\/pages\/215\/revisions\/217"}],"up":[{"embeddable":true,"href":"https:\/\/lokago.fr\/index.php?rest_route=\/wp\/v2\/pages\/169"}],"wp:attachment":[{"href":"https:\/\/lokago.fr\/index.php?rest_route=%2Fwp%2Fv2%2Fmedia&parent=215"}],"curies":[{"name":"wp","href":"https:\/\/api.w.org\/{rel}","templated":true}]}}