{"id":159,"date":"2025-09-20T13:17:53","date_gmt":"2025-09-20T13:17:53","guid":{"rendered":"https:\/\/lokago.fr\/?page_id=159"},"modified":"2025-09-28T14:40:05","modified_gmt":"2025-09-28T14:40:05","slug":"festif-2","status":"publish","type":"page","link":"https:\/\/lokago.fr\/?page_id=159","title":{"rendered":"Festif"},"content":{"rendered":"\n<div class=\"wp-block-group alignfull has-global-padding is-layout-constrained wp-block-group-is-layout-constrained\" style=\"margin-top:0;margin-bottom:0;padding-top:var(--wp--preset--spacing--50);padding-bottom:var(--wp--preset--spacing--50)\">\n<div class=\"wp-block-columns alignwide is-layout-flex wp-container-core-columns-is-layout-47c06fe3 wp-block-columns-is-layout-flex\">\n<div class=\"wp-block-column is-layout-flow wp-block-column-is-layout-flow\" style=\"flex-basis:56%\">\n<figure class=\"wp-block-image size-full is-resized\"><img loading=\"lazy\" decoding=\"async\" width=\"1024\" height=\"1024\" src=\"http:\/\/lokago.fr\/wp-content\/uploads\/2025\/07\/ChatGPT-Image-25-juil.-2025-21_55_05.png\" alt=\"\" class=\"wp-image-45\" style=\"object-fit:cover;width:577px;height:auto\" srcset=\"https:\/\/lokago.fr\/wp-content\/uploads\/2025\/07\/ChatGPT-Image-25-juil.-2025-21_55_05.png 1024w, https:\/\/lokago.fr\/wp-content\/uploads\/2025\/07\/ChatGPT-Image-25-juil.-2025-21_55_05-300x300.png 300w, https:\/\/lokago.fr\/wp-content\/uploads\/2025\/07\/ChatGPT-Image-25-juil.-2025-21_55_05-150x150.png 150w, https:\/\/lokago.fr\/wp-content\/uploads\/2025\/07\/ChatGPT-Image-25-juil.-2025-21_55_05-768x768.png 768w\" sizes=\"auto, (max-width: 1024px) 100vw, 1024px\" \/><\/figure>\n<\/div>\n\n\n\n<div class=\"wp-block-column is-vertically-aligned-center is-layout-flow wp-container-core-column-is-layout-119bc444 wp-block-column-is-layout-flow\">\n<h2 class=\"wp-block-heading has-xx-large-font-size\">Tout pour faire la f\u00eate<\/h2>\n\n\n\n<p class=\"has-x-large-font-size\">Un \u00e9v\u00e9nement ? <\/p>\n\n\n\n<p class=\"has-x-large-font-size\">Trouvez le mat\u00e9riel classique ou les id\u00e9es originales qui feront de votre \u00e9v\u00e9nement un moment inoubliable !<\/p>\n\n\n\n<div class=\"wp-block-buttons is-layout-flex wp-block-buttons-is-layout-flex\"><\/div>\n<\/div>\n<\/div>\n<\/div>\n\n\n\n<div class=\"wp-block-group alignfull has-global-padding is-layout-constrained wp-block-group-is-layout-constrained\" style=\"margin-top:0;margin-bottom:0;padding-top:var(--wp--preset--spacing--50);padding-bottom:var(--wp--preset--spacing--50)\">\n<div class=\"wp-block-group alignwide is-layout-grid wp-container-core-group-is-layout-840b37f5 wp-block-group-is-layout-grid\">\n<div class=\"wp-block-group is-vertical is-layout-flex wp-container-core-group-is-layout-d6b9ab57 wp-block-group-is-layout-flex\">\n<h2 class=\"wp-block-heading has-xx-large-font-size\">Votre objectif<\/h2>\n<\/div>\n\n\n\n<div class=\"wp-block-group is-vertical is-content-justification-stretch is-layout-flex wp-container-core-group-is-layout-353c4f5a wp-block-group-is-layout-flex\">\n<div class=\"wp-block-cover is-light\"><img loading=\"lazy\" decoding=\"async\" width=\"714\" height=\"944\" class=\"wp-block-cover__image-background wp-image-293 size-full\" alt=\"\" src=\"https:\/\/lokago.fr\/wp-content\/uploads\/2025\/09\/LA-BASE-2.jpg\" data-object-fit=\"cover\" srcset=\"https:\/\/lokago.fr\/wp-content\/uploads\/2025\/09\/LA-BASE-2.jpg 714w, https:\/\/lokago.fr\/wp-content\/uploads\/2025\/09\/LA-BASE-2-227x300.jpg 227w\" sizes=\"auto, (max-width: 714px) 100vw, 714px\" \/><span aria-hidden=\"true\" class=\"wp-block-cover__background has-background-dim-0 has-background-dim\" style=\"background-color:#e7e7e7\"><\/span><div class=\"wp-block-cover__inner-container has-global-padding is-layout-constrained wp-block-cover-is-layout-constrained\">\n<div style=\"height:var(--wp--preset--spacing--20)\" aria-hidden=\"true\" class=\"wp-block-spacer\"><\/div>\n<\/div><\/div>\n\n\n\n<div class=\"wp-block-buttons is-content-justification-center is-layout-flex wp-container-core-buttons-is-layout-a89b3969 wp-block-buttons-is-layout-flex\">\n<div class=\"wp-block-button\"><a class=\"wp-block-button__link wp-element-button\" href=\"https:\/\/lokago.fr\/?page_id=166\">LA BASE<\/a><\/div>\n<\/div>\n<\/div>\n\n\n\n<div class=\"wp-block-group is-vertical is-content-justification-stretch is-layout-flex wp-container-core-group-is-layout-353c4f5a wp-block-group-is-layout-flex\">\n<div class=\"wp-block-cover is-light\"><img loading=\"lazy\" decoding=\"async\" width=\"417\" height=\"594\" class=\"wp-block-cover__image-background wp-image-295 size-full\" alt=\"\" src=\"https:\/\/lokago.fr\/wp-content\/uploads\/2025\/09\/Pour-aller-plus-loin-1.jpg\" data-object-fit=\"cover\" srcset=\"https:\/\/lokago.fr\/wp-content\/uploads\/2025\/09\/Pour-aller-plus-loin-1.jpg 417w, https:\/\/lokago.fr\/wp-content\/uploads\/2025\/09\/Pour-aller-plus-loin-1-211x300.jpg 211w\" sizes=\"auto, (max-width: 417px) 100vw, 417px\" \/><span aria-hidden=\"true\" class=\"wp-block-cover__background has-background-dim-0 has-background-dim\" style=\"background-color:#828282\"><\/span><div class=\"wp-block-cover__inner-container has-global-padding is-layout-constrained wp-block-cover-is-layout-constrained\">\n<div style=\"height:var(--wp--preset--spacing--20)\" aria-hidden=\"true\" class=\"wp-block-spacer\"><\/div>\n<\/div><\/div>\n\n\n\n<div class=\"wp-block-buttons is-content-justification-center is-layout-flex wp-container-core-buttons-is-layout-a89b3969 wp-block-buttons-is-layout-flex\">\n<div class=\"wp-block-button\"><a class=\"wp-block-button__link wp-element-button\" href=\"https:\/\/lokago.fr\/?page_id=169\">POUR ALLER PLUS LOIN<\/a><\/div>\n<\/div>\n<\/div>\n\n\n\n<div class=\"wp-block-group is-vertical is-content-justification-stretch is-layout-flex wp-container-core-group-is-layout-353c4f5a wp-block-group-is-layout-flex\">\n<div class=\"wp-block-cover is-light\"><img loading=\"lazy\" decoding=\"async\" width=\"393\" height=\"599\" class=\"wp-block-cover__image-background wp-image-162 size-full\" alt=\"\" src=\"http:\/\/lokago.fr\/wp-content\/uploads\/2025\/09\/exceptionnel.jpg\" data-object-fit=\"cover\" srcset=\"https:\/\/lokago.fr\/wp-content\/uploads\/2025\/09\/exceptionnel.jpg 393w, https:\/\/lokago.fr\/wp-content\/uploads\/2025\/09\/exceptionnel-197x300.jpg 197w\" sizes=\"auto, (max-width: 393px) 100vw, 393px\" \/><span aria-hidden=\"true\" class=\"wp-block-cover__background has-background-dim-0 has-background-dim\" style=\"background-color:#d6bc98\"><\/span><div class=\"wp-block-cover__inner-container has-global-padding is-layout-constrained wp-block-cover-is-layout-constrained\">\n<div style=\"height:var(--wp--preset--spacing--20)\" aria-hidden=\"true\" class=\"wp-block-spacer\"><\/div>\n<\/div><\/div>\n\n\n\n<div class=\"wp-block-buttons is-content-justification-center is-layout-flex wp-container-core-buttons-is-layout-a89b3969 wp-block-buttons-is-layout-flex\">\n<div class=\"wp-block-button\"><a class=\"wp-block-button__link wp-element-button\" href=\"https:\/\/lokago.fr\/?page_id=173\">POUR UN MOMENT EXCEPTIONNEL<\/a><\/div>\n<\/div>\n<\/div>\n<\/div>\n<\/div>\n\n\n\n<p><\/p>\n","protected":false},"excerpt":{"rendered":"<p>Tout pour faire la f\u00eate Un \u00e9v\u00e9nement ? Trouvez le mat\u00e9riel classique ou les id\u00e9es originales qui feront de votre \u00e9v\u00e9nement un moment inoubliable ! Votre objectif<\/p>\n","protected":false},"author":1,"featured_media":0,"parent":0,"menu_order":0,"comment_status":"closed","ping_status":"closed","template":"","meta":{"footnotes":""},"class_list":["post-159","page","type-page","status-publish","hentry"],"_links":{"self":[{"href":"https:\/\/lokago.fr\/index.php?rest_route=\/wp\/v2\/pages\/159","targetHints":{"allow":["GET"]}}],"collection":[{"href":"https:\/\/lokago.fr\/index.php?rest_route=\/wp\/v2\/pages"}],"about":[{"href":"https:\/\/lokago.fr\/index.php?rest_route=\/wp\/v2\/types\/page"}],"author":[{"embeddable":true,"href":"https:\/\/lokago.fr\/index.php?rest_route=\/wp\/v2\/users\/1"}],"replies":[{"embeddable":true,"href":"https:\/\/lokago.fr\/index.php?rest_route=%2Fwp%2Fv2%2Fcomments&post=159"}],"version-history":[{"count":4,"href":"https:\/\/lokago.fr\/index.php?rest_route=\/wp\/v2\/pages\/159\/revisions"}],"predecessor-version":[{"id":296,"href":"https:\/\/lokago.fr\/index.php?rest_route=\/wp\/v2\/pages\/159\/revisions\/296"}],"wp:attachment":[{"href":"https:\/\/lokago.fr\/index.php?rest_route=%2Fwp%2Fv2%2Fmedia&parent=159"}],"curies":[{"name":"wp","href":"https:\/\/api.w.org\/{rel}","templated":true}]}}